{"id":750,"date":"2018-02-07T10:50:57","date_gmt":"2018-02-07T09:50:57","guid":{"rendered":"http:\/\/miquelruiz.com\/?page_id=750"},"modified":"2018-02-09T17:31:42","modified_gmt":"2018-02-09T16:31:42","slug":"avis-legal","status":"publish","type":"page","link":"https:\/\/miquelruiz.com\/index.php\/avis-legal\/","title":{"rendered":"Av\u00eds legal"},"content":{"rendered":"<p>[et_pb_section bb_built=&#8221;1&#8243;][et_pb_row][et_pb_column type=&#8221;4_4&#8243;][et_pb_text _builder_version=&#8221;3.0.92&#8243; background_layout=&#8221;light&#8221;]<\/p>\n<h3 class=\"estilo-tit1\"><span style=\"color: #f6b40e;\">Aviso Legal<\/span><\/h3>\n<h5 class=\"estilo-tit1\"><span style=\"color: #f6b40e;\">Datos identificativos<\/span><\/h5>\n<p>En cumplimiento con el deber de informaci\u00f3n recogido en art\u00edculo 10 de la Ley 34\/2002, de 11 de julio, de Servicios de la Sociedad de la Informaci\u00f3n y del Comercio Electr\u00f3nico,le informamos:<\/p>\n<ul>\n<li>Miquel Ruiz\u00a0Sl (en adelante, Miquel Ruiz) es una empresa dedicada a la carpinteria y decoraci\u00f3n.<\/li>\n<li>Miquel Ruiz con CIF B17453499, es una sociedad domiciliada a los efectos de la presente informaci\u00f3n en C\/ CARRETERA ST.FELIU, KM 4,3 NAU 1 17241 PALOL D&#8217;ONYAR y es en la actualidad la encargada de la explotaci\u00f3n, gesti\u00f3n y funcionamiento del sitio web www.miquelruiz.com.<\/li>\n<\/ul>\n<h5 class=\"estilo-tit1\"><span style=\"color: #f6b40e;\">Usuarios<\/span><\/h5>\n<p>El acceso y\/o uso de este portal atribuye la condici\u00f3n de USUARIO, que acepta, desde dicho acceso y\/o uso, las Condiciones Generales de Uso aqu\u00ed reflejadas. Las citadas Condiciones ser\u00e1n de aplicaci\u00f3n independientemente de las Condiciones Generales de Contrataci\u00f3n que en su caso resulten de obligado cumplimiento.<\/p>\n<h5 class=\"estilo-tit1\"><span style=\"color: #f6b40e;\">Uso del portal<\/span><\/h5>\n<h5 class=\"estilo-tit1\">www.miquelruiz.com proporciona el acceso a multitud de productos, informaciones, servicios, programas o datos (en adelante, \u201clos contenidos\u201d) en Internet pertenecientes a Miquel Ruiz, o a terceros a los que el USUARIO puede tener acceso. El USUARIO asume la responsabilidad del uso del portal. \u00a0El USUARIO se compromete a hacer un uso adecuado de los contenidos y servicios que\u00a0Miquel Ruiz ofrece a trav\u00e9s de su portal y con car\u00e1cter enunciativo pero no limitativo, a no emplearlos para:<\/h5>\n<ul>\n<li>Incurrir en actividades il\u00edcitas, ilegales o contrarias a la buena fe y al orden p\u00fablico.<\/li>\n<li>Difundir contenidos o propaganda de car\u00e1cter racista, xen\u00f3fobo, pornogr\u00e1fico ilegal, de apolog\u00eda del terrorismo o atentatorio contra los derechos humanos.<\/li>\n<li>Provocar da\u00f1os en los sistemas f\u00edsicos y l\u00f3gicos de Miquel Ruiz, de sus proveedores o de terceras personas, introducir o difundir en la red virus inform\u00e1ticos o cualesquiera otros sistemas f\u00edsicos o l\u00f3gicos que sean susceptibles de provocar los da\u00f1os anteriormente mencionados;<\/li>\n<li>Intentar acceder y, en su caso, utilizar las cuentas de correo electr\u00f3nico de otros usuarios y modificar o manipular sus mensajes.<\/li>\n<\/ul>\n<p>Miquel Ruiz\u00a0se reserva el derecho de retirar todos aquellos comentarios y aportaciones que vulneren el respeto a la dignidad de la persona, que sean discriminatorios, xen\u00f3fobos, racistas, pornogr\u00e1ficos, que atenten contra la juventud o la infancia, el orden o la seguridad p\u00fablica o que, a su juicio, no resultaran adecuados para su publicaci\u00f3n. En cualquier caso,\u00a0Miquel Ruiz no ser\u00e1 responsable, dentro de los l\u00edmites marcados por la ley, de las opiniones vertidas por los usuarios en su web a trav\u00e9s de cualquier herramienta de participaci\u00f3n.<\/p>\n<h5 class=\"estilo-tit1\"><span style=\"color: #f6b40e;\">Propiedad Intelectual e Industrial<\/span><\/h5>\n<ol>\n<li>Todos los signos distintivos, marcas, nombres comerciales, contenidos, estructura, dise\u00f1o y forma de presentaci\u00f3n de los elementos y cualquier otra informaci\u00f3n que aparezca en este sitio Web son propiedad de\u00a0Miquel Ruiz por s\u00ed o como cesionaria y est\u00e1n protegidos por los derechos de propiedad industrial e intelectual.<\/li>\n<li>El usuario tiene prohibida la reproducci\u00f3n, transformaci\u00f3n, distribuci\u00f3n, comunicaci\u00f3n p\u00fablica y, en general cualquier otra forma de explotaci\u00f3n de los elementos referidos en el apartado anterior sin autorizaci\u00f3n expresa de Miquel Ruiz.<\/li>\n<li>El usuario se abstendr\u00e1 de emplear medios que puedan suprimir, alterar, eludir o manipular cualesquiera dispositivos de protecci\u00f3n o sistemas de seguridad que puedan estar instalados y que comporten un riesgo o da\u00f1o o inutilizaci\u00f3n del sitio Web y\/o sus contenidos.<\/li>\n<li>Miquel Ruiz no se responsabiliza del posible uso inapropiado que terceros realicen de esta p\u00e1gina Web, ni de la informaci\u00f3n que a trav\u00e9s de ella transmitan a terceros. El uso de los contenidos que pueda hacer el usuario y las eventuales consecuencias, da\u00f1os o perjuicios que pudiesen derivarse, son de la exclusiva responsabilidad del usuario.\u00a0Miquel Ruiz se excluye por los da\u00f1os y perjuicios de toda naturaleza causados a los usuarios por el uso de enlaces (links), directorios y herramientas de b\u00fasqueda, que permiten a los usuarios acceder a sitios Web pertenecientes y\/o gestionados por terceros as\u00ed como de la presencia de virus u otros c\u00f3digos maliciosos en los contenidos que puedan producir cualquier tipo de da\u00f1os en el sistema inform\u00e1tico, documentos electr\u00f3nicos o ficheros de los usuarios.\u00a0Miquel Ruiz se reserva el derecho de ejercitar las acciones legales que considere oportunas derivadas de cualesquiera usos il\u00edcitos por parte de terceros de los contenidos de su p\u00e1gina web.<\/li>\n<\/ol>\n<h5 class=\"estilo-tit1\"><span style=\"color: #f6b40e;\">Exclusi\u00f3n de garant\u00edas y responsabilidad<\/span><\/h5>\n<p>Miquel Ruiz\u00a0no se hace responsable, en ning\u00fan caso, de los da\u00f1os y perjuicios de cualquier naturaleza que pudieran ocasionar, a t\u00edtulo enunciativo: errores u omisiones en los contenidos, falta de disponibilidad del portal o la transmisi\u00f3n de virus o programas maliciosos o lesivos en los contenidos, a pesar de haber adoptado todas las medidas tecnol\u00f3gicas necesarias para evitarlo.<\/p>\n<h5 class=\"estilo-tit1\"><span style=\"color: #f6b40e;\">Modificaciones<\/span><\/h5>\n<p>Miquel Ruiz\u00a0se reserva el derecho de efectuar sin previo aviso las modificaciones que considere oportunas en su portal, pudiendo cambiar, suprimir o a\u00f1adir tanto los contenidos y servicios que se presten a trav\u00e9s de la misma como la forma en la que \u00e9stos aparezcan presentados o localizados en su portal.<\/p>\n<h5 class=\"estilo-tit1\"><span style=\"color: #f6b40e;\">Enlaces<\/span><\/h5>\n<p>En el caso de que en nombre del dominio se dispusiesen enlaces o hiperv\u00ednculos hac\u00eda otros sitios de Internet,\u00a0Miquel Ruiz no ejercer\u00e1 ning\u00fan tipo de control sobre dichos sitios y contenidos. En ning\u00fan caso\u00a0Miquel Ruiz asumir\u00e1 responsabilidad alguna por los contenidos de alg\u00fan enlace perteneciente a un sitio web ajeno, ni garantizar\u00e1 la disponibilidad t\u00e9cnica, calidad, fiabilidad, exactitud, amplitud, veracidad, validez y constitucionalidad de cualquier material o informaci\u00f3n contenida en ninguno de dichos hiperv\u00ednculos u otros sitios de Internet. Igualmente la inclusi\u00f3n de estas conexiones externas no implicar\u00e1 ning\u00fan tipo de asociaci\u00f3n, fusi\u00f3n o participaci\u00f3n con las entidades conectadas.<\/p>\n<h5 class=\"estilo-tit1\"><span style=\"color: #f6b40e;\">Derecho de exclusi\u00f3n<\/span><\/h5>\n<p>Miquel Ruiz\u00a0se reserva el derecho a denegar o retirar el acceso a portal y\/o los servicios ofrecidos sin necesidad de preaviso, a instancia propia o de un tercero, a aquellos usuarios que incumplan las Condiciones Generales de Uso.<\/p>\n<h5 class=\"estilo-tit1\"><span style=\"color: #f6b40e;\">Generalidades<\/span><\/h5>\n<p>Miquel Ruiz\u00a0perseguir\u00e1 el incumplimiento de las condiciones as\u00ed como cualquier utilizaci\u00f3n indebida de su portal ejerciendo todas las acciones civiles y penales que le puedan corresponder en derecho.<\/p>\n<h5 class=\"estilo-tit1\"><span style=\"color: #f6b40e;\">Modificaci\u00f3n de las presentes condiciones y duraci\u00f3n<\/span><\/h5>\n<p>Miquel Ruiz\u00a0podr\u00e1 modificar en cualquier momento las condiciones aqu\u00ed determinadas, siendo debidamente publicadas como aqu\u00ed aparecen.<\/p>\n<h5 class=\"estilo-tit1\"><span style=\"color: #f6b40e;\">Legislaci\u00f3n aplicable y jurisdicci\u00f3n<\/span><\/h5>\n<p>La relaci\u00f3n entre\u00a0Miquel Ruiz y el USUARIO se regir\u00e1 por la normativa espa\u00f1ola vigente y cualquier controversia se someter\u00e1 a los Juzgados y Tribunales espa\u00f1oles.<\/p>\n<p>Resoluci\u00f3n de litigios en l\u00ednea en materia de consumo conforme al Art. 14.1 del Reglamento (UE) 524\/2013: La Comisi\u00f3n Europea facilita una plataforma de resoluci\u00f3n de litigios en l\u00ednea que se encuentra disponible en el siguiente enlace:<a href=\"http:\/\/ec.europa.eu\/consumers\/odr\/\" target=\"_blank\" rel=\"noopener\">http:\/\/ec.europa.eu\/consumers\/odr\/<\/a>.<\/p>\n<p>[\/et_pb_text][\/et_pb_column][\/et_pb_row][\/et_pb_section]<\/p>\n","protected":false},"excerpt":{"rendered":"<p><div class=\"et_pb_row et_pb_row_0 et_pb_row_empty\">\n\t\t\t\t\n\t\t\t\t\n\t\t\t\t\n\t\t\t\t\n\t\t\t\t\n\t\t\t<\/div> Aviso Legal Datos identificativos En cumplimiento con el deber de informaci\u00f3n recogido en art\u00edculo 10 de la Ley 34\/2002, de 11 de julio, de Servicios de la Sociedad de la Informaci\u00f3n y del Comercio Electr\u00f3nico,le informamos: Miquel Ruiz\u00a0Sl (en adelante, Miquel Ruiz) es una empresa dedicada a la carpinteria y decoraci\u00f3n. Miquel Ruiz con [&hellip;]<\/p>\n","protected":false},"author":1,"featured_media":0,"parent":0,"menu_order":0,"comment_status":"closed","ping_status":"closed","template":"","meta":{"_et_pb_use_builder":"on","_et_pb_old_content":"","_et_gb_content_width":"","footnotes":""},"class_list":["post-750","page","type-page","status-publish","hentry"],"_links":{"self":[{"href":"https:\/\/miquelruiz.com\/index.php\/wp-json\/wp\/v2\/pages\/750","targetHints":{"allow":["GET"]}}],"collection":[{"href":"https:\/\/miquelruiz.com\/index.php\/wp-json\/wp\/v2\/pages"}],"about":[{"href":"https:\/\/miquelruiz.com\/index.php\/wp-json\/wp\/v2\/types\/page"}],"author":[{"embeddable":true,"href":"https:\/\/miquelruiz.com\/index.php\/wp-json\/wp\/v2\/users\/1"}],"replies":[{"embeddable":true,"href":"https:\/\/miquelruiz.com\/index.php\/wp-json\/wp\/v2\/comments?post=750"}],"version-history":[{"count":3,"href":"https:\/\/miquelruiz.com\/index.php\/wp-json\/wp\/v2\/pages\/750\/revisions"}],"predecessor-version":[{"id":768,"href":"https:\/\/miquelruiz.com\/index.php\/wp-json\/wp\/v2\/pages\/750\/revisions\/768"}],"wp:attachment":[{"href":"https:\/\/miquelruiz.com\/index.php\/wp-json\/wp\/v2\/media?parent=750"}],"curies":[{"name":"wp","href":"https:\/\/api.w.org\/{rel}","templated":true}]}}